f = -103 - -179. Suppose m - f = -10. Let t = 16 + m. What is the tens digit of t?
8
Suppose -611*g = -5350086 + 1410358. What is the tens digit of g?
4
Let p be (-2 - 55/(-25)) + 170/25. What is the tens digit of 6071/p - (-17)/(1190/(-20))?
6
Suppose 0*l = 2*m + 3*l + 12, -16 = 5*m + 4*l. Suppose 24*z + 12 = 20*z, -r - z + 424 = m. What is the units digit of r?
7
Let d(a) = a**3 + 14*a**2 - 23*a - 25. Suppose -2*r = -3*z - 3*r + 44, -3*z - 2*r + 46 = 0. Suppose 66 = -z*t - 144. What is the units digit of d(t)?
5
Let a(n) = -n**3 - 2*n**2 + n - 20. Let j be a(0). Let g be (-2 + j/15)/((-4)/6). Suppose -g*x + 133 + 62 = 0. What is the tens digit of x?
3
Suppose -170 = 4*a - 2*a. Suppose 2*g = -4*o - 632, -4*o - 3*g - 152 = 484. Let q = a - o. What is the units digit of q?
1
Let v(o) = -5*o**2 - 8*o - 56. Let t(f) = 3*f**2 + 4*f + 28. Let p(x) = 7*t(x) + 4*v(x). Let m be 56/(-4)*(0 + -1). What is the units digit of p(m)?
2
Let q(y) = -y**2 - 13*y - 17. Let d = 129 + -78. Let p be (d + -47)*(-1 + 2/(-8)). What is the units digit of q(p)?
3
Suppose 0 = 4*n + 3*i - 220080, -4*n - 41*i = -44*i - 220104. What is the tens digit of n?
2
Suppose 23 - 3 = 5*z. Suppose 3024 = -z*v - 5*v. Let j = -240 - v. What is the units digit of j?
6
Let a = 13507 - 12963. What is the tens digit of a?
4
Let i = -34 + 259. Suppose 5*g - 5 = 3*j, 2*g = -2*j - g + 22. Suppose -2*t = 4*y - 218, -5*y = -y - j*t - i. What is the tens digit of y?
5
What is the tens digit of (-4)/(23256/64196 + (-16)/44)?
1
Let o(v) be the third derivative of v**5/15 + v**4/4 + 11*v**3/6 + 44*v**2. Let u be o(-3). Suppose -32*j = -u*j - 810. What is the tens digit of j?
7
Suppose -19*j + 4564 = 441. Let m = j + -126. What is the units digit of m?
1
What is the units digit of (18/(-8))/((-24)/209536*2)?
2
Let c = -16 - -18. Let a be 0 + -1 + 4/c + 3. What is the units digit of (6 - -1)*(-15)/(-14)*a?
0
Suppose 0 = 3*h - 8 + 2. What is the hundreds digit of (-32)/(-15) - h - 18264/(-45)?
4
Suppose 3*w - 3991 - 1142 = 3*s, 0 = 5*w + s - 8519. What is the thousands digit of w?
1
Let h(q) = -q**3 - 2*q + 23. Let l be h(0). Suppose -4*j - 285 = -5*n, -2*j - n - 102 - l = 0. Let u = -27 - j. What is the tens digit of u?
3
Let o be 312/(-5) + 57/(-95). What is the tens digit of 5657/7 - (-11 - 702/o)?
0
Suppose 0 = 100*r + 39*r + 330766 - 2811360. What is the ten thousands digit of r?
1
What is the hundreds digit of 7072/260*(-835)/(-4)?
6
Let p(c) = -c**3 + c**2 - 3*c - 7. Let q = -721 + 713. What is the hundreds digit of p(q)?
5
Suppose 9906 = 13*g - 243022. What is the units digit of g?
6
What is the hundreds digit of (609411/59)/(3/8)?
5
Let n(c) be the third derivative of 43*c**5/30 + c**4/12 - c**3/2 + 7*c**2 + 5*c. What is the hundreds digit of n(2)?
3
Let n(i) = -i**3 + 13*i**2 + 2*i - 29. Let c be n(13). Let p be 2 + -2 - c/1. Suppose 0 = p*j - 2*j + l - 193, 5*l = j - 205. What is the tens digit of j?
9
Let i be (-122)/(-8) - (-2)/((-32)/(-12)). Let a be (108/48)/((-6)/i). Let w = 42 + a. What is the tens digit of w?
3
Suppose 5*b - 3*l = 53820, 5*b - 53820 = 4*l - 6*l. Suppose 74*t = 100*t - b. What is the units digit of t?
4
Let k be -6 + (5 - -18) + -9. Let w(y) = 17*y**2 - 7*y - 4. What is the tens digit of w(k)?
2
Suppose 18*w - 2068 = -26*w. Suppose -w*i + 54*i - 5439 = 0. What is the hundreds digit of i?
7
Let a(k) = 4*k - 47. Let s be a(18). Let d be (5/(-2))/(s/(-20)). What is the tens digit of 4 - ((-3 - (145 - d)) + 1)?
4
Let l be (40/(-16))/((-2)/(-4)*1). Let g(o) = -2*o**2 - 14*o - 11. Let w be g(l). What is the units digit of ((-186)/w - 7)/(2/(-12))?
6
What is the thousands digit of ((-553)/112*8)/(2/(-1852))?
6
Let m(f) = f**2 - 24*f - 19. Let a be m(-20). Suppose o + 18*k - a = 23*k, -1696 = -2*o - 3*k. What is the tens digit of o?
5
Let g = -40 + 40. Suppose -6*y + 5*y + 330 = g. Suppose -4*u + 9*u = y. What is the units digit of u?
6
Let w(h) = -5*h + 65. Let z be w(17). Let f(n) = -n**3 - 19*n**2 + 10*n + 50. What is the hundreds digit of f(z)?
2
Let l be (-5 + (-51)/(-9))/(3/13131). Suppose -12*d - l = -11774. What is the tens digit of d?
3
What is the hundreds digit of (-2699748)/(-72) + 3/(-6) - -8?
5
Let z be 3564/(-45) + 2 + 70/(-25). What is the hundreds digit of 3658/2 - (81 + z)?
8
Suppose -26*v = -28*v - 3*b + 6542, 4*v + b = 13104. What is the hundreds digit of v?
2
Suppose 10*l - 6*l = 252. Let c = l - 38. What is the units digit of c?
5
Suppose -5*u - 1 + 6 = 0. Suppose 0 = -2*k + 2*o + 4, -13*k + 18*k + 4*o - 1 = 0. What is the units digit of 97/((2 - 1)*u)*k?
7
Suppose m = 2*u + 29, 0 = -m + 5 - 2. Let x(h) = h**2 + 11*h + 40. Let n be x(u). Let i = -31 + n. What is the tens digit of i?
3
Let x = -13349 - -14873. What is the tens digit of x?
2
What is the tens digit of 38107 - -5*(-483)/(-105)?
3
Let h(c) = 30574*c + 715. What is the units digit of h(1)?
9
Let k(u) be the third derivative of -u**7/5040 + 43*u**6/720 - 7*u**5/30 + 13*u**2. Let d(h) be the third derivative of k(h). What is the tens digit of d(13)?
3
Let p = 47 + -50. Let w be -1 + 1 + 24 + p. What is the tens digit of 2025/w - (-4)/7?
9
Suppose 5*i = 142 - 127. Let d(x) = 44*x**2 - 8*x - 6. What is the hundreds digit of d(i)?
3
Let u(x) = x**3 + 29*x**2 + 30*x - 52. Let c = -143 + 116. What is the hundreds digit of u(c)?
5
Let l(w) = -w - 4. Let n be l(-16). What is the hundreds digit of (-31)/(-2)*(0 - n/(-1))?
1
Let r = 10314 + -4721. What is the thousands digit of r?
5
What is the ten thousands digit of 45822 - -1 - (54/126 + (-265)/(-35))?
4
What is the thousands digit of -9 - 63/(-27)*21939?
1
Let v = 3722 - -12992. What is the units digit of v?
4
Let h(q) = 7*q + 1449. What is the tens digit of h(81)?
1
Let y = -6969 + 26697. What is the tens digit of y?
2
Suppose -56*z + 3122 = 58*z - 1598236. What is the ten thousands digit of z?
1
Let y(w) = 464*w - 170. What is the units digit of y(10)?
0
Let p be (3/(-2))/(24/(-22208)). Suppose -5*n - 5*i + 698 = -1037, p = 4*n - 3*i. What is the tens digit of n?
4
Suppose 2*s - 5129 = 1255. What is the hundreds digit of s?
1
Let g = -75 - -63. What is the tens digit of 2 + (65/4)/((-3)/g)?
6
Suppose 12*a - 17*a = -y + 12628, y + 3*a = 12676. What is the hundreds digit of y?
6
What is the tens digit of (444/(-15))/((-12414)/(-540) + -23)?
6
Suppose -478 - 282 = -5*j. Suppose -j = -0*b - 2*b. Suppose -2*n = 4*o - 134, -o - b = 3*n - 282. What is the tens digit of n?
6
Suppose -5*j + 0*j = d + 13, 3*d - 18 = 4*j. Suppose -3*k - 781 = -5*i, -331 = -d*i + 8*k - 13*k. What is the tens digit of i?
5
Suppose -2*d = 3*u - 25, 3*u - 37 = -5*d + 3. Suppose -d*o + 2592 = -o. What is the tens digit of o?
4
Let p = -14 - -23. Suppose 2*u = -3*y + y - 2, 5*y + p = -u. Let z(x) = -16*x + 12. What is the units digit of z(y)?
4
Suppose -26*q + 90968 - 2147 = -17*q. What is the tens digit of q?
6
Suppose -l + 1 = 2. Let f be (12 - 10)/((-111)/109 - l). Let x = f - -187. What is the units digit of x?
8
Let n(c) = c**2 - 11*c - 11. Let j be n(12). Let v(d) = -5*d**3 + 2*d**2 - 3*d. Let t be v(j). What is the tens digit of t/6*(2 + 65)*-1?
6
Let b(v) = 69*v**3 + 31*v**2 - 29*v + 57. What is the units digit of b(6)?
3
Let d be (279/1)/((-9)/(-24)). Let a = -436 + d. Suppose -6*r = -4*x - 11*r + 396, -3*x + a = r. What is the units digit of x?
4
Let z(g) = 10*g**2 + 8*g + 2. Let w(p) be the first derivative of 3*p**3 + 7*p**2/2 + 2*p - 46. Let l(m) = 5*w(m) - 4*z(m). What is the units digit of l(-1)?
4
Let h(s) = -3*s**2 + 17*s - 16. Let u be h(8). Let i = -47 + u. Let g = -33 - i. What is the units digit of g?
6
Suppose -5*r + 6617 = -3*g, 0*g - 4*r + 8836 = -4*g. What is the tens digit of 20/8*g/(-45)?
2
Suppose 50 = 6*r - r + 5*b, 0 = 4*b + 12. Suppose -r*m + 2059 = -411. Suppose 113 = 3*a - m. What is the hundreds digit of a?
1
Suppose 12*p - 11988 = 984. Let i = p + -579. What is the tens digit of i?
0
Let v = 2 - 366. Let b = v - -575. What is the units digit of b?
1
Let d(i) = -2810*i - 1586. What is the ten thousands digit of d(-11)?
2
Let j(c) = 12*c**3 + 4*c**2 + 2*c - 2. Let z be j(-2). Let g = 86 + z. Suppose r + 2*r = -n + 146, -3*n + 3*r + 462 = g. What is the units digit of n?
2
Let w = 260 + -434. Let z = w + 241. What is the units digit of z?
7
Let 